
What is the units digit of (-288)/(-30) + (-2)/(-5)?
0
Suppose 0*x = -5*z + 3*x + 235, -3*z + 175 = 5*x. What is the units digit of z?
0
Suppose 3*i = -3*o + 3, 4 = 4*i - 0. What is the units digit of (28/4 - o)*5?
5
Suppose 4*y + 364 = 4*p, -225 = -3*p + 2*y + 47. What is the units digit of p?
0
Suppose -73 = -v + 5*w + 36, w = -v + 133. What is the tens digit of v?
2
Let y = -18 + 16. What is the units digit of 18 + -4 + 2/y?
3
Let u(z) = 2*z + 6. Let t(c) = c**3 - 9*c**2 + 9*c - 9. Let d be t(8). Let p be (-8 + 3 - 1)*d. What is the tens digit of u(p)?
1
Suppose -3*w = -2*r - 5, -2*w = -5*r + 3*r. Let b = w - -10. What is the tens digit of b?
1
Suppose -2*y = 3*y - 310. What is the units digit of y?
2
Let c(g) = -g + 18. Let o be c(15). Suppose 0 = 4*u + 4*j - 108, -3*u + o*j - 8*j + 75 = 0. What is the units digit of u?
0
Let g = -107 - -179. What is the units digit of g?
2
Let c(m) = m + 2. Let g = 7 + -2. What is the units digit of c(g)?
7
Suppose -p - 4*d + 6 = -0*d, d - 14 = p. Let v = 12 + p. What is the units digit of v?
2
Suppose -3*u + 2 = d - 4, d - 3*u + 18 = 0. What is the units digit of (1 + 2)*(-10)/d?
5
Suppose 5*l - 2 - 28 = 0. Let t = l - 5. Suppose -4*d - 5*b + 11 = 0, -5*b - t = d - 0*d. What is the units digit of d?
4
Let v(w) = 8*w + w - 8*w**2 + w**3 + 9 + 18*w**2. What is the units digit of v(-9)?
9
Suppose -q = 3*q - 12. Let f be (q/2 - 1)*10. Suppose 0 = -4*l + m + 59, 5*m - 11 = -f*l + 69. What is the units digit of l?
5
Let k(x) = -x**3 - 11*x**2 - 11*x + 4. Let j be k(-10). Let m = j - 6. What is the units digit of m?
8
Let m(t) = t**2 - 5*t + 3. Let j be m(6). Let l = j + 2. What is the units digit of l?
1
Let b(w) = -w**2 + 8*w - 9. Let h be b(7). Let m be (1 - 0) + h - -6. Suppose -m + 11 = 2*u. What is the units digit of u?
3
Let a = -2 - -6. Suppose -6*v + 11*v + 10 = -5*g, 4*v + g - a = 0. Suppose 2*z = -v*z + 28. What is the units digit of z?
7
Let q(l) = -l - 5. Let z be q(-10). Suppose -s - m + 28 = 0, s - 6*s + 140 = -z*m. What is the units digit of s?
8
Let w = 5 - 7. Let d(l) = -l**3 - l**2 + 3*l + 2. Let b be d(w). Suppose 2*z + b = -3*p + 3, p + 5*z = -12. What is the units digit of p?
3
Suppose -5*w + 3*y + 197 = -0*w, -3*y = -3*w + 117. Let c be (7/(-2))/(2/16). Let n = w + c. What is the units digit of n?
2
Let l be (-2)/(-4) - 81/(-6). Suppose -l = -x - 3. What is the tens digit of x?
1
Let p be (-1)/(-4) + (-62)/(-8). What is the units digit of ((-6)/p)/((-5)/180)?
7
Let u(k) be the first derivative of k**2 - 10*k - 1. What is the units digit of u(10)?
0
Suppose 2*x + 2*t - 83 = -3*x, 7 = x - 2*t. Suppose -13*a - 16 = -x*a. What is the units digit of a?
8
Let q = 20 + -15. Suppose 144 = q*u - 6. What is the units digit of u?
0
Suppose -3*v + 5*l = -42, 3*v + 42 = 7*v - 2*l. What is the units digit of v?
9
Let p(d) = 9*d**3 - 5*d**2 - 14*d + 14. Let g(m) = -5*m**3 + 2*m**2 + 7*m - 7. Let l(z) = 11*g(z) + 6*p(z). What is the units digit of l(-7)?
7
Suppose -66 = -0*x + 3*x. Let d = x - -41. What is the units digit of d?
9
Suppose 4*x + 0*x + 93 = d, 5*x - 93 = -d. What is the tens digit of d?
9
Let s(c) be the first derivative of -c**3/3 - 3*c**2 + 7*c - 1. Let i be s(-5). Suppose 4*x - i - 8 = 0. What is the units digit of x?
5
Suppose -2*z = -3*k - 7*z + 8, -5*k + z + 60 = 0. Let o = -4 + k. What is the units digit of o?
7
Suppose 3*l = -t - 7, 0 = 2*l - 2*t + 25 - 7. Let d(w) = -8*w - 1. What is the tens digit of d(l)?
3
Suppose -13*u = -8*u - 300. Suppose 3*k - 34 = 4*v + u, 4 = -v. What is the units digit of k?
6
Let j(w) = -21*w - 37. What is the tens digit of j(-11)?
9
Suppose 9 = -y + q + 2, -y + 5*q + 5 = 0. What is the units digit of 5/y + (-7)/(-2)?
3
Let w = -1 + -6. Let i = w + 11. Suppose -3*n + 8*l = 4*l - 17, -5*n + i*l + 31 = 0. What is the units digit of n?
7
Let x be 0/(-2) - -1 - -34. Let r be x/2 - (-4)/(-8). Let g = r - 8. What is the units digit of g?
9
Let a = -71 + 105. What is the units digit of a?
4
Let u = 192 - 132. What is the tens digit of u?
6
Let r(l) = -l**2 - 6*l + 1. Let p be r(-5). Let f = p - -11. Suppose 0 = 3*s + 5 - f. What is the units digit of s?
4
Let p = 34 + 36. Suppose p = 4*g + 6. What is the tens digit of g?
1
What is the units digit of (-6 - -6) + 1 + -1 - -60?
0
Suppose 4*k - 5*q = -q + 24, 0 = -4*k - 3*q + 10. Let l = -3 - -5. Suppose k + 6 = l*n. What is the units digit of n?
5
Let y(i) = -5*i**2 + 3*i + i**3 + 7 + 3*i - 2*i. What is the units digit of y(5)?
7
Let q be (-26)/(-8) - (-2)/(-8). Suppose -q*l + l = -42. Suppose -4*k = 5*h - 59 + l, 3*k = -h + 23. What is the units digit of k?
7
Let s = 10 + -6. Let n = 3 + s. What is the units digit of n?
7
Suppose -2*a - 1585 = -7*a. What is the hundreds digit of a?
3
Suppose 111 = 5*f - 2*f. What is the tens digit of f?
3
Let b(i) = i + 7. Let f be b(-6). Suppose 2*r + 5*o = 45, -5 + f = -4*o. What is the units digit of (-16)/r*20/(-2)?
8
Suppose 0 = -u + 5 - 3. Suppose y + 84 = 2*a - y, -5*a + 217 = u*y. What is the tens digit of a?
4
Suppose -2*t - 3*t = 25. Let m = -7 + t. What is the units digit of 2*2*(-3)/m?
1
Suppose -184 = 2*m - 3*m. What is the tens digit of 1/3 + m/6?
3
Suppose 16 = z - 32. Suppose 4 = -2*s + z. What is the units digit of s?
2
Let c(i) = 4 - 3*i + 0*i + 5*i. Let h be c(-3). What is the units digit of 65/55 + h/11?
1
Suppose 3*t = 2*t. Suppose -l - 2*l - 5*u + 20 = 0, -5*l - 4*u + 29 = t. Suppose -3*d + 5 = 2*r, -3*r + 13 = l*d + 4. What is the units digit of d?
3
Let k(f) = -f**3 - f**2 - f + 10. Let b be k(0). Suppose 6*s - b = s. Suppose -3 = -v + s*n, n + 2*n - 54 = -3*v. What is the units digit of v?
3
Suppose 4*t + 4*i = 92, i = -1 - 4. What is the tens digit of t?
2
Let l be 9 - (0/3 + 1). Let a be (l - -1)/3 + 1. Suppose -a*f = -7*f + 3. What is the units digit of f?
1
Suppose 5*y - 4*i = -0*i + 93, -4*i + 117 = 5*y. What is the units digit of y?
1
Suppose -v + 7 + 15 = 0. Let o be (-4 - -3 - -1)/(-2). Suppose 0 = -o*s - 2*s + v. What is the tens digit of s?
1
Suppose 5*w - 25 = 5. Let u = 0 - -3. Suppose -w*z = -u*z - 36. What is the units digit of z?
2
Let h(w) = -w**3 + 3*w**2 + 2*w + 1. Let u be 6/3*(-6)/(-4). Let s be h(u). Let g(d) = -d**3 + 6*d**2 + 8*d - 4. What is the units digit of g(s)?
3
Suppose 12 = 3*u + m, 0 = -4*u - 4*m - 6 + 14. Suppose 50 = u*n - 5. What is the tens digit of n?
1
Let h = 13 - 8. Suppose 0 = 5*g + 2*y + 1, g - 3*y + h*y = -5. What is the units digit of g?
1
Let a = 1 + -3. Let c be (5/((-10)/8))/a. Suppose -3*z + 13 = -0*x + c*x, -x = -3*z + 16. What is the units digit of z?
5
Suppose 9*f - 33 = -b + 4*f, -3*b + 47 = 2*f. What is the tens digit of b?
1
Let w(f) = 1. Let h(u) = u - 5. Let n(i) = -2*h(i) - 9*w(i). Let x be n(-2). Suppose 5*z + o = x*o + 11, -4*z + 9 = -3*o. What is the units digit of z?
3
Let w(x) = x**3 + 7*x**2 - 9*x - 10. Let z be w(-8). Let q be (-1 + -1)/(z/44). Suppose -5*h + q = 4*t - 7, -2*t + 3 = -5*h. What is the units digit of t?
9
Let v(y) = y**3 - 4*y**2 - 6*y + 15. What is the units digit of v(6)?
1
Suppose -r = -5*f - 137, -r + 2*f = r - 234. What is the units digit of r?
2
Suppose j + 5*s = 2*j - 41, -164 = -4*j + 3*s. What is the tens digit of j?
4
Let k = -46 + 106. What is the units digit of k?
0
Let z = 110 - 38. What is the units digit of z?
2
Let u = 165 - 92. What is the units digit of u?
3
Suppose 4*c - 96 = c. What is the units digit of c?
2
Suppose -2*s + 69 = -11. What is the tens digit of s?
4
Let y be ((-1)/2)/(4/32). Let n = -2 - y. What is the units digit of n?
2
Let t(b) = b + 6. Let f be t(-4). Let n(p) be the third derivative of p**5/60 - p**4/24 + p**3/3 - 5*p**2. What is the units digit of n(f)?
4
Suppose -b = 2 - 5. Let n(p) = -b*p**2 + 3*p - p**3 + 3*p**2 + 1. What is the units digit of n(-2)?
3
Suppose -2*g - 4*b = -10, 4*g + 5 - 17 = -4*b. Let i be ((-12)/14)/(g/(-21)). Suppose -q = q - i. What is the units digit of q?
9
Let l(d) = d**2 + 6*d + 8. What is the units digit of l(-5)?
3
Suppose 4*z + 4 = a - 36, 0 = -5*z + 15. What is the tens digit of a?
5
What is the tens digit of (1 - 2)/((-21)/1743)?
8
Suppose 125 = 2*x + 3*x. Let j = 50 - x. What is the tens digit of j?
2
Let c(h) = h**3 + 12*h**2 + 14*h + 1. Let z be c(-10). Suppose -4*j - 3*l + 128 = -7*l, 0 = -2*j +